e remainder when 34 is divided by b.
1
Suppose -2*p + 38 = -32. Let r(x) = -63*x - 4. Let a be r(-2). Suppose g - 4*h = -g + a, 0 = 4*g - 4*h - 252. What is the remainder when g is divided by p?
30
Suppose 112 = -57*s + 64*s. Calculate the remainder when 1598 is divided by s.
14
Let c = -6713 - -6758. Calculate the remainder when 1300 is divided by c.
40
What is the remainder when 259 is divided by 4/(-6) - 48/36 - (-19 + -1)?
7
Let h(j) = -j**2 + 6*j + 49. Suppose -q = -3*q. Suppose q = 12*v - 11*v - 71. What is the remainder when v is divided by h(10)?
8
Let f(d) = 3*d + 21 - 4*d - 4. Let v be f(15). Suppose 0*b - 5*h + 140 = 5*b, -82 = -4*b + v*h. Calculate the remainder when b is divided by 13.
10
Suppose 5*o - 205 = -0*o. Suppose 2*u - 66 = -h, -4*h + 23 = u + 4. Suppose 3*d + k - 63 = 0, 4*k + 98 = 3*d + u. What is the remainder when o is divided by d?
20
Suppose -14*u - 2489 = -7011 - 6188. Calculate the remainder when u is divided by 8.
5
Let l(j) = -25*j + 231. Let p be l(7). Let d = 106 - p. Calculate the remainder when 95 is divided by d.
45
Suppose -2*i - 9 = 4*b - 671, -5*b - 345 = -i. What is the remainder when i is divided by 32?
15
Let l = 6409 + -5690. What is the remainder when l is divided by 36?
35
What is the remainder when (-48)/(-9)*((-798)/(-28) - 15) is divided by 7?
2
Suppose -9*w = 4*f - 128 - 46, -4*w = -5*f - 118. What is the remainder when 221 is divided by w?
1
Suppose 2*t + 56 = 2*g + 5*t, -4*t - 17 = -g. Let q = 6 - g. Let n = q + 36. What is the remainder when 49 is divided by n?
15
Let a(g) = g**2 - g. Let c(d) = -4*d**2 + 16*d - 15. Let u(w) = -5*a(w) - c(w). Let s be u(-9). Calculate the remainder when -2 + s + 0*4/20 is divided by 8.
7
Suppose 14*w - 2288 - 1968 = 0. Let z = w + -301. Let h = -9 - -21. What is the remainder when h is divided by z?
0
Suppose 0 = -3*a - 5*a + 280. What is the remainder when 74 is divided by 830/35 - (-10)/a?
2
What is the remainder when ((40/(-20))/(-2))/((-2)/(-766)) is divided by 130?
123
Let r = -186 - -203. Suppose 37 = 3*y - 32. What is the remainder when y is divided by (-4)/16 + r/4?
3
Let b(l) be the first derivative of -37*l**4/4 - l**3/3 - l**2/2 - 1. Suppose 13 - 7 = -6*i. What is the remainder when b(i) is divided by 4?
1
Suppose 3*c + 4*c = -1799. Let g = c + 301. What is the remainder when g is divided by (12 - 0) + 0/3?
8
Let j = -15761 + 16330. Calculate the remainder when j is divided by 162.
83
Suppose 789 = 3*g + 2*z, 2*z - 267 = -8*g + 7*g. What is the remainder when 1045 is divided by g?
1
Suppose 2*z = -2*j + 38, 2*j + 5*z = 32 + 6. Let s be (55 + -45)*(-23)/2. Let l = -103 - s. What is the remainder when j is divided by l?
7
Let v = -417 - -843. Suppose -c + 4*j + 81 = 0, -5*c + 0*j = j - v. What is the remainder when c is divided by 22?
19
What is the remainder when 2826 is divided by 414/(-828) + (-94)/(-4)?
20
Let z(s) = -5*s**2 + 6*s + 0 + 10 - 1 + s**3. Suppose -11 = -4*o - 5*k, o = 10*k - 14*k. Calculate the remainder when z(o) is divided by 6.
5
Suppose 4*z - s - 135 = 0, 5*z + s - 46 = 98. Let a = 37 + -26. Suppose -4*f + 25 = -a. What is the remainder when z is divided by f?
4
Let o = 748 - -378. Suppose m - 778 = -5*w + 637, -2*m = 4*w - o. What is the remainder when w is divided by 41?
38
Let q(i) = -2*i**3 + 3*i**2 + 2*i - 3. Let f be q(-3). Suppose f = 9*y - 135. Calculate the remainder when 62 is divided by y.
16
Let y(f) = -f**2 + 99*f + 453. What is the remainder when 1766 is divided by y(100)?
1
Suppose 0 = -8*j + 2195 - 115. Let r = j - 147. What is the remainder when r is divided by 39?
35
Suppose 2*t + 2*r = 38, -15*r - 55 = -t - 12*r. Suppose 2*z = -b + 39, 191 = 4*b - 0*z + z. Calculate the remainder when b is divided by t.
21
Calculate the remainder when (2064/64)/(30/100*(-2)/(-12)) is divided by 11.
7
Suppose -9872*m = -9843*m - 27927. Calculate the remainder when m is divided by 190.
13
Suppose -4*j = j + 5*q - 335, 2*q - 6 = 0. What is the remainder when 2622 is divided by j?
62
Let s = 47 + -25. Let c = 25 - s. Let m(f) = 14*f - 14. What is the remainder when 53 is divided by m(c)?
25
Suppose -31 = -5*p + 184. Suppose 3*v = -x - 3, 2*v - 69 = -x + 7*v. Calculate the remainder when p is divided by x.
19
Let v = 336 + -322. Let h(n) = -n**2 + 4*n - 3. Let y be h(10). Let x = -23 - y. Calculate the remainder when x is divided by v.
12
Suppose 5*s - 5*z - 597 + 162 = 0, z = -6*s + 536. Calculate the remainder when 106 is divided by s.
17
Suppose 286 = 2*b + 10. Let s(a) = -4*a**3 - 3*a**2 - 4*a - 1. Let h be s(-1). Let w(d) = -2*d**2 + 21*d - 17. What is the remainder when b is divided by w(h)?
33
Let i be 936/6*2/4. Suppose -4*t + 78 = 2*z, -2 + 7 = -5*z. Calculate the remainder when -1 + 2/5*5 + i is divided by t.
19
Let f(b) = 23*b**2 - 13*b - 14. Let w(c) = -68*c**2 + 41*c + 44. Let j(r) = -8*f(r) - 3*w(r). Calculate the remainder when 102 is divided by j(-1).
7
Let o = -2 + 2. Suppose 3*i - 2*k - 39 = o, i - 25 = -i + k. Let f(v) = 1861*v - 5577. What is the remainder when i is divided by f(3)?
5
What is the remainder when (-31672)/(-10) - ((-306)/45 - 42/(-6)) is divided by 21?
17
Let t(c) = -11*c - 537. Calculate the remainder when 1339 is divided by t(-56).
75
Suppose -3*x - 21*f = -22*f - 1133, 5*f = x - 373. Let m = 458 - x. What is the remainder when m is divided by 42?
38
Suppose -f + 19 = 5*j, 3*f - 2*j + 6*j - 13 = 0. Calculate the remainder when 112 is divided by ((-1)/5)/(f/25).
2
Let q be (94/(-235))/((-1)/370). Suppose -q = -8*a + 324. What is the remainder when 179 is divided by a?
2
Suppose 2*h + 19 = 2*s - 17, 0 = 5*s + 4*h - 63. Suppose -2*k - 2*v + s = -7*v, -4*k - 5*v + 75 = 0. What is the remainder when 55 is divided by k?
10
Let u = 496 - 492. Suppose 86*n - 85*n - 770 = 4*h, 0 = -u*n + 4*h + 3044. Calculate the remainder when n is divided by 40.
38
Let z(q) = q**3 + 69*q**2 + 254*q - 229. Suppose 4*f - 8*f + 216 = 0. Suppose 0*j = -j + f. What is the remainder when z(-65) is divided by j?
53
Suppose 8 + 2 = r - 5*s, 3*s = r - 10. What is the remainder when 6 - 99/66*46/(-3) is divided by r?
9
Suppose -4*a + 31 = -29. Let t(v) = 38*v**3 + 251*v**2 - 207*v + 19. What is the remainder when t(-7) is divided by a?
13
Let z = -170 - -315. Suppose 2*c + 3*c - z = -4*p, 4*p + 3*c = 143. What is the remainder when p is divided by 29?
6
Suppose 0 = -5*b + 4*z + 1308, 5*b - 5*z + 7*z = 1296. Let u = b + -217. Calculate the remainder when 170 is divided by u.
41
Suppose 2248 = 54*f - 26*f - 2568. What is the remainder when f is divided by 22?
18
Suppose -30*b + 49*b + 58*b = 847. Calculate the remainder when 286 is divided by b.
0
Suppose -17*b = -12*b - 385. Suppose 10*u - b = 73. Calculate the remainder when 88 is divided by u.
13
What is the remainder when (0 - (-31000)/(-20))*(5 + -6) is divided by 141?
140
Let g = -281 - -285. What is the remainder when (2/g)/(57912/5264 + -11) is divided by 66?
65
Suppose 43*u - 42*u = 32. Let o = -52 - -74. Let r = 73 + o. Calculate the remainder when r is divided by u.
31
Calculate the remainder when 4/36 + 301840/1152 - 6/48 is divided by 77.
31
Let h(m) = -m**3 + 37*m**2 - 34*m - 59. Let j be h(36). Suppose 0 = j*n - 726 - 2030. Calculate the remainder when n is divided by 43.
40
Let x(k) = -23*k + 441. Let j(v) = -11*v + 220. Let q(o) = -9*j(o) + 4*x(o). What is the remainder when 107 is divided by q(34)?
19
Let x(c) = c**2 + 12*c - 20. Let i(o) = -9*o + 6. Let n be i(-1). Suppose n*d - 12*d = -42. Calculate the remainder when 44 is divided by x(d).
4
Let d(g) = 156*g**2 - 63*g - 246. Calculate the remainder when d(-4) is divided by 4.
2
Let k(m) = 4*m**2 + 90*m + 82. Calculate the remainder when k(-24) is divided by 110.
6
Suppose -5*r = 3*p - 337, 5*p - 4*r - 3 - 497 = 0. Calculate the remainder when p is divided by 31.
11
Suppose -10 - 9 = -v - 4*t, -4*v = 2*t - 146. Suppose 2*r - 7 = 3. What is the remainder when v is divided by (0 - 0/1) + r?
4
Let l(c) = -3*c**2 + 17*c + 2. Let m be l(5). Let w be m/15*5 - -4. What is the remainder when -99*2*(-4)/w is divided by 17?
14
Let o(w) = 2*w**2 + 18*w - 7. Let p be o(-10). Suppose 7 + p = -x. Calculate the remainder when 40 is divided by 57/4 + 5/x.
12
Let d = 44 - 9. What is the remainder when d is divided by (-404